common divisor of 5607 and 126.
63
Calculate the greatest common divisor of 627 and 3.
3
What is the greatest common factor of 6565 and 13?
13
What is the highest common divisor of 12 and 5268?
12
Calculate the highest common divisor of 225 and 300.
75
What is the highest common divisor of 1386 and 672?
42
What is the highest common factor of 49 and 441?
49
Calculate the highest common divisor of 70 and 1575.
35
Calculate the greatest common divisor of 56 and 40.
8
Calculate the highest common divisor of 70 and 1400.
70
What is the greatest common divisor of 96 and 10?
2
What is the highest common factor of 1716 and 4056?
156
Calculate the highest common divisor of 50 and 25.
25
Calculate the highest common divisor of 48 and 204.
12
What is the greatest common factor of 252 and 28?
28
Calculate the greatest common factor of 1930 and 10.
10
Calculate the greatest common factor of 847 and 154.
77
Calculate the greatest common factor of 3335 and 115.
115
Calculate the highest common factor of 780 and 420.
60
Calculate the greatest common divisor of 6 and 576.
6
What is the highest common divisor of 120 and 16920?
120
Calculate the highest common divisor of 105 and 84.
21
What is the highest common divisor of 22 and 17061?
11
What is the greatest common factor of 2 and 2458?
2
Calculate the greatest common divisor of 24 and 300.
12
Calculate the greatest common divisor of 804 and 12.
12
What is the highest common factor of 505 and 1111?
101
What is the highest common factor of 504 and 189?
63
Calculate the highest common divisor of 234 and 45.
9
Calculate the highest common divisor of 672 and 56.
56
What is the highest common factor of 385 and 20?
5
Calculate the greatest common factor of 285 and 760.
95
What is the highest common divisor of 777 and 21?
21
What is the highest common factor of 221 and 65?
13
What is the highest common factor of 15 and 33?
3
Calculate the highest common divisor of 27 and 24.
3
Calculate the greatest common factor of 470 and 188.
94
What is the greatest common factor of 140 and 154?
14
Calculate the highest common factor of 1276 and 174.
58
Calculate the greatest common factor of 481 and 7363.
37
What is the highest common factor of 81 and 5751?
81
What is the highest common divisor of 121 and 33?
11
Calculate the greatest common factor of 84 and 12.
12
What is the highest common factor of 399 and 171?
57
Calculate the greatest common divisor of 55 and 825.
55
Calculate the greatest common divisor of 88 and 418.
22
What is the highest common divisor of 444 and 17908?
148
Calculate the highest common factor of 156 and 9.
3
Calculate the greatest common factor of 21 and 141.
3
Calculate the greatest common divisor of 120 and 570.
30
What is the highest common factor of 133 and 203?
7
What is the greatest common factor of 25663 and 11?
11
Calculate the greatest common divisor of 912 and 28.
4
Calculate the greatest common factor of 120 and 216.
24
Calculate the highest common divisor of 455 and 25.
5
What is the greatest common divisor of 4125 and 66?
33
Calculate the highest common divisor of 66 and 1474.
22
What is the greatest common factor of 13 and 3263?
13
What is the highest common factor of 187 and 68?
17
Calculate the greatest common divisor of 66 and 12.
6
What is the greatest common factor of 26 and 3276?
26
Calculate the greatest common divisor of 5980 and 322.
46
Calculate the greatest common divisor of 18 and 6.
6
Calculate the highest common divisor of 65 and 81835.
65
Calculate the highest common divisor of 12 and 15.
3
What is the greatest common factor of 76 and 8607?
19
Calculate the greatest common factor of 51 and 663.
51
What is the greatest common divisor of 6 and 34?
2
What is the highest common divisor of 82 and 512?
2
Calculate the highest common divisor of 30344 and 8.
8
Calculate the highest common divisor of 37 and 112369.
37
What is the highest common divisor of 98 and 168?
14
Calculate the highest common divisor of 45 and 18.
9
What is the highest common divisor of 3 and 1755?
3
What is the highest common divisor of 455 and 2548?
91
Calculate the greatest common factor of 48 and 2892.
12
What is the highest common factor of 39 and 5109?
39
Calculate the highest common factor of 129 and 573.
3
Calculate the highest common factor of 21 and 171.
3
What is the highest common factor of 208 and 2?
2
What is the highest common divisor of 101 and 505?
101
What is the highest common factor of 2363 and 17?
17
Calculate the highest common divisor of 284 and 27122.
142
What is the greatest common divisor of 70 and 4445?
35
Calculate the highest common factor of 2773 and 177.
59
What is the greatest common divisor of 140 and 4440?
20
Calculate the greatest common divisor of 469 and 268.
67
What is the greatest common factor of 16 and 176?
16
What is the highest common factor of 150 and 35850?
150
Calculate the greatest common divisor of 12 and 348.
12
Calculate the greatest common divisor of 46 and 1196.
46
What is the highest common factor of 128 and 576?
64
Calculate the greatest common factor of 252 and 612.
36
What is the greatest common factor of 2898 and 1134?
126
Calculate the highest common factor of 1 and 797.
1
Calculate the greatest common factor of 14089 and 193.
193
Calculate the highest common divisor of 3222 and 342.
18
Calculate the greatest common divisor of 700 and 35.
35
What is the greatest common divisor of 24 and 600?
24
What is the greatest common factor of 19 and 7543?
19
What is the highest common divisor of 696 and 10672?
232
Calculate the highest common divisor of 42 and 48.
6
What is the highest common divisor of 30 and 3225?
15
What is the highest common factor of 33 and 880?
11
Calculate the highest common divisor of 29 and 725.
29
What is the highest common factor of 12464 and 1216?
304
What is the highest common divisor of 212 and 689?
53
Calculate the highest common factor of 225 and 180.
45
Calculate the highest common divisor of 2080 and 52.
52
What is the highest common divisor of 2010 and 120?
30
What is the highest common divisor of 36 and 1356?
12
Calculate the highest common factor of 10 and 290.
10
What is the greatest common factor of 291 and 388?
97
What is the highest common divisor of 44 and 2651?
11
Calculate the greatest common divisor of 23 and 2783.
23
What is the greatest common divisor of 20 and 320?
20
Calculate the highest common divisor of 4 and 124.
4
What is the greatest common factor of 96 and 40?
8
What is the greatest common factor of 42 and 28?
14
Calculate the highest common divisor of 38 and 266.
38
Calculate the highest common divisor of 200 and 25.
25
Calculate the highest common divisor of 73005 and 465.
465
What is the highest common factor of 15976 and 8?
8
What is the highest common divisor of 90 and 6624?
18
Calculate the highest common divisor of 300 and 40.
20
Calculate the greatest common divisor of 11691 and 27.
27
Calculate the highest common factor of 26 and 1313.
13
What is the greatest common divisor of 1136 and 3266?
142
Calculate the highest common factor of 785 and 1256.
157
Calculate the greatest common factor of 192 and 1248.
96
What is the highest common divisor of 18 and 4?
2
Calculate the greatest common factor of 18 and 5.
1
Calculate the greatest common divisor of 135 and 360.
45
What is the greatest common divisor of 86 and 7912?
86
What is the highest common factor of 28 and 518?
14
What is the greatest common divisor of 3605 and 91?
7
Calculate the greatest common factor of 744 and 24.
24
What is the greatest common divisor of 177 and 1475?
59
What is the greatest common divisor of 240 and 750?
30
Calculate the greatest common divisor of 4331 and 142.
71
What is the greatest common factor of 1001 and 182?
91
Calculate the highest common divisor of 483 and 105.
21
Calculate the greatest common divisor of 207 and 161.
23
What is the highest common factor of 40 and 30?
10
Calculate the highest common factor of 2303 and 539.
49
Calculate the greatest common divisor of 21 and 35.
7
Calculate the greatest common factor of 936 and 91.
13
Calculate the highest common factor of 6492 and 12.
12
Calculate the greatest common divisor of 132 and 20658.
66
What is the highest common divisor of 16984 and 44?
44
Calculate th